 f be r(5). Let y be (-20)/f*(-21)/(-14). Is j(y) composite?
False
Let l = -28 + 54. Let d = -11 + l. Is (-5)/(d/(-282)) + -3 prime?
False
Let t(n) be the second derivative of n**5/20 + 2*n**3/3 - 17*n. Let q be (0 - -7) + 2/(-1). Is t(q) prime?
False
Let d(w) = -17*w**3 - 6*w**2 + 30*w - 51. Is d(-14) composite?
True
Suppose 19*t - 15*t + 12 = 0. Let x(m) = -121*m**3 + 5*m + 2. Let c be x(t). Let v = c - 2299. Is v prime?
False
Let y(p) = -5*p - 7 + 9*p**2 - p + 2*p + p. Is y(-5) a prime number?
True
Let p = -134 - -330. Suppose 2*n - 3*z = 1453, 3*n - 1946 = -3*z + p. Is n composite?
False
Suppose f - 16 = 3*d, -3*f - d + 13 = -3*d. Suppose -9 + f = -2*l, v - l = 163. Is v composite?
False
Let v = 5951 - 2833. Is v prime?
False
Suppose -52579 = -13*f + 214. Is f a composite number?
True
Is 59171/35 + (-2)/(-5) a prime number?
False
Let n(u) = 21*u + 7. Let q = -16 - -13. Let o be n(q). Is ((-4)/(-8))/((-2)/o) a composite number?
True
Let d(x) = -x**3 + 6*x**2 + 3*x + 3. Suppose a - 6 = -4. Let c be a/(-4) - 22/(-4). Is d(c) composite?
False
Let t = 1779 + 4642. Is t composite?
False
Let l be (2/5)/((-2)/(-20)). Suppose 260 - 52 = -l*s. Let h = -18 - s. Is h composite?
True
Suppose -m = t + 3 - 7, -4 = -t + m. Suppose -3*g + 5*o = -8*g + 70, -5*o = t*g - 61. Let n(l) = 3*l**2 + 7*l - 5. Is n(g) a prime number?
False
Let m(l) = 11*l**2 + 8*l - 10. Let c be m(4). Let q = 327 - c. Is q a composite number?
True
Suppose 2*p - 3*f + f = 38, -f + 71 = 5*p. Suppose 6*r - r - p = 0. Suppose r*k = -k - 2*t + 506, -5*t + 376 = 3*k. Is k composite?
False
Let y(v) = -1276*v + 233. Is y(-15) a composite number?
False
Suppose 4952 = 72*q - 64*q. Is q a composite number?
False
Suppose -6 = j + x, x - 6*x - 27 = 2*j. Is (-4036)/(-8)*(j + (0 - -3)) a prime number?
True
Let i = -2042 - -2931. Is i a composite number?
True
Let c = -19 + 15. Let d = c + 6. Suppose 132 = 5*q + n, d*n + 74 = 2*q + q. Is q a prime number?
False
Let n = -2129 - -3082. Is n prime?
True
Suppose -10036 - 17678 = -2*g + 4*y, 5*g - 4*y - 69303 = 0. Is g prime?
False
Suppose 5015 - 840 = 5*l. Suppose f = 6*f - l. Is f a composite number?
False
Suppose 13*n - 8*n - 20 = 0. Suppose v = -n*v. Suppose -144 = -3*g - v*g + 2*m, -5*m = 15. Is g composite?
True
Suppose 10*w - 2939 = 10491. Is w a prime number?
False
Let p = -1023 + 7754. Is p composite?
True
Let r = 26144 - 17033. Is r composite?
True
Let k be (-29966)/10 + 26/(-65). Let l be (-42)/(-112) + k/(-8). Suppose -2*x + 7*x - 395 = -5*f, -5*x = -5*f + l. Is f prime?
False
Let o = -299 + 540. Suppose -h = -18 - o. Is h composite?
True
Suppose -13*v + 41787 = -4*v. Is v prime?
True
Suppose -9*w + 3353 = -35590. Is w a prime number?
True
Suppose 5*u = -2*g + 33, 4*u - u = -4*g + 31. Suppose -g*y + 476 = -1392. Is y a composite number?
False
Suppose 0 = 105*n - 100*n - 65225. Is n a prime number?
False
Is 6/21 - 37484/28*-1 prime?
False
Suppose 5*w - 26318 = -4*b, -6*b = -4*w - 10*b + 21052. Is w prime?
False
Suppose 2*d = -k + 46, -8*d + 7*d + 14 = 5*k. Is (42/d)/((-2)/(-488)) prime?
False
Suppose 43118 = 6*u + 16*j - 12*j, 1 = -j. Is u prime?
True
Suppose m + 14 = -4*t, 0*m - 3*m - 3*t = 6. Let l(i) = i**3 + 3*i - i**2 + 11*i**2 - 6 - m*i + 7*i. Is l(-9) composite?
False
Suppose a + 4*f - 3595 = 0, 2*a - 5*f - 2162 = 5028. Is a a composite number?
True
Let b(w) = 500*w**2 - 48*w - 5. Is b(6) prime?
True
Let l(p) = -2312*p**2 + p + 1. Let f be l(-1). Let m = -1171 - f. Is m a prime number?
False
Let v = 12490 - 5159. Is v prime?
True
Let l = 622 + -120. Is l a prime number?
False
Suppose -153110 = -13*b + 3*b. Is b a composite number?
True
Let z(t) = t**3 + 4*t**2 - 4*t - 5. Let i be z(-4). Let d(b) = b**3 - 11*b**2 - 15. Let o be d(i). Let j(w) = -35*w + 16. Is j(o) composite?
False
Let x(s) = -4*s**3 - 2*s**2 + 5*s - 1. Suppose 2*z + 5 = -5. Let o(n) = -3*n**3 - 3*n**2 + 4*n - 1. Let a(j) = z*o(j) + 4*x(j). Is a(6) composite?
False
Suppose -3*h = -h + 2*a - 10, -4*a + 10 = 2*h. Suppose -3*l - 57 = -5*x - 0*x, -2*x + h*l + 19 = 0. Let t(n) = 54*n - 17. Is t(x) a prime number?
True
Let c = -2192 + 4897. Is c a prime number?
False
Suppose 0 = 2*d + 2*d - 2344. Suppose 3*z - 6*z - 501 = 0. Let b = d + z. Is b prime?
True
Let q be ((-100)/15 - -6) + (-1)/3. Is 4549 - (q - (2 - 5)) prime?
True
Let m be (-6)/4*16/24*-2. Let j(a) = 94*a + 2. Let y be j(5). Suppose -m*w - 2*w = -y. Is w composite?
True
Let w = 3161 + -1600. Is w prime?
False
Let n(w) = 18*w**2 + 6*w + 31. Let m(v) = -17*v**2 - 5*v - 31. Let a(j) = -7*m(j) - 6*n(j). Is a(-11) a prime number?
True
Let f = -5 - -6. Let z be (f - -2)*(-24)/36. Is (2 + z + 1)*373 composite?
False
Let t be (0 - -2 - 2)*(5 - 6). Suppose -5*y + 3677 = -2*u, 4*y + 3*u - 4*u - 2944 = t. Is y a composite number?
True
Let g(m) be the second derivative of m**4/12 + 3*m**3/2 - 5*m**2 + 5*m. Let h be g(-10). Suppose 5*r - 9*r + 1172 = h. Is r composite?
False
Suppose 1 = 3*i + 4*z, 0 = 3*i - 4*i - 4*z + 3. Let g be i*((-5)/(-1) + -2). Is 2/((-1538)/514 - g) a composite number?
False
Suppose 3*m = n + 318, -28*n = -23*n. Is m prime?
False
Suppose -17931 = 7*p - 107272. Is p prime?
True
Let l(b) = 23*b - 3. Let q(p) = -p - 2. Suppose -12 - 6 = 3*x. Let s be q(x). Is l(s) a prime number?
True
Let a = -144 - -150. Is (2/a)/((-3)/9)*-251 composite?
False
Suppose 2*r - 1140 = 7*r. Let m(a) = 5*a**2 - 13*a + 7. Let i be m(10). Let b = i + r. Is b a prime number?
True
Let y = -6907 + 10691. Is ((-2)/4)/((-4)/y) a prime number?
False
Let i be ((-15)/(-45))/(1/21). Suppose 929 = -i*y + 8*y. Is y a prime number?
True
Let i(z) = -z**2 - 5*z - 3. Suppose 0*c + 6 = -3*c. Let v be i(c). Suppose 5*b + 195 = 5*u, 152 = u + v*u - 2*b. Is u a prime number?
True
Suppose -3*q = -15, l + l + 16 = 2*q. Let u be (-3143)/(-21) - (-2)/l. Suppose 0 = -2*v + 2*k + 328, 0*v - 2*k + u = v. Is v prime?
False
Suppose 4*b - 7585 = -4*v + 20183, -5*b + 20834 = 3*v. Suppose -5*s + 2237 = -v. Is s a composite number?
True
Let h = 8353 + 8296. Is h a prime number?
True
Let v(f) = 9*f**2 - 71*f - 1. Is v(14) composite?
False
Suppose -4*v - 6567 = -3*a + 7126, -22865 = -5*a - 2*v. Is a prime?
False
Let r = 871 - 581. Suppose 0 = 5*j - 404 - 561. Let i = r - j. Is i prime?
True
Let f(t) = -t**2 - 18*t - 16. Let r be f(-17). Suppose 5*l + 10 + 9 = 2*p, -l = -r. Is 200 + 9/p*4 prime?
False
Let u(g) be the second derivative of 0 + 13/6*g**3 - 4*g + 6*g**2. Is u(5) prime?
False
Suppose -3*t + 6*b - b = -9, -4*t - 5*b = -12. Suppose t*a = -3*u + 81, -5*a - 115 = -5*u - 20. Suppose j - u = -i - j, 2*i + j = 46. Is i prime?
True
Let x(c) = -4*c - 1. Let t be x(-1). Suppose -5*s + 0*s = -t*g + 30, -3*s - 34 = -5*g. Let w(f) = -22*f**3 - 2*f**2 - 4*f - 1. Is w(s) prime?
True
Let g(n) = -2*n**3 - 9*n**2 + 8*n - 1. Let r be g(-7). Let x(q) = q**3 + 13*q**2 - 59*q - 57. Let k be x(-16). Let z = r + k. Is z composite?
False
Suppose 10478 = 17*b + 40. Is b composite?
True
Is (-143324)/32*2*152/(-38) composite?
False
Suppose -4*v - 538 = -2*z, 4*v - 510 = -2*z + v. Suppose 564 = 3*k - z. Suppose -15 = 2*x - 5*m - 142, 0 = -5*x + 4*m + k. Is x composite?
True
Let x(f) = -5*f - 4. Let h be x(-5). Is 37773/h - 2/(-7) prime?
False
Let o = 75925 - 44972. Is o composite?
True
Suppose -4*i = 49*r - 50*r - 52998, -2*r + 26494 = 2*i. Is i prime?
True
Let n(f) = 47*f**2 + 52*f + 17. Is n(-8) composite?
False
Let b(m) = -2*m**3 + 3*m - 2. Let a be b(-2). Is -1 + -60*(-84)/a composite?
True
Let c be (1320/84)/(1/28). Let z = c - 217. Is z composite?
False
Is -1 + 4 + (2158 - 8/4) composite?
True
Let d(c) be the third derivative of -c**6/120 + c**5/15 - c**4/8 + 2*c**2. Let u be d(3). Suppose u = -5*j + 1332 - 267. Is j prime?
False
Let n(j) = 2*j**3 + 8*j**2 - 12*j - 1. Let q(i) = -20*i - 2 - 6*i**2 + 5*i**3 + 12*i**2 + 10*i**2 - 4*i. Let s(l) = -9*n(l) + 4*q(l). Is s(6) prime?
False
Suppose 3*d = 2*u + 3*u + 1464, 0 = -2*u. Suppose 5*c - d = 257. Is c prime?
True
Let l(i) = -2*i**2 - 7*i - 4. Let h be l(-4). Let g = h + 9. Is 3 - g - (-578 + -1) prime?
False
Suppose 7*o = 5*o + 6. Suppose -4*g = -5*p - 854, -o*g + p + 342 + 293 = 0. Is g prime?
True
Let c(z) be the third derivative of z**6/120 - 11*z**5/60 + 11*z**4/24 - 4*z**3/3 + 2*z**2. Let t be c(10). Is (71/(-2))/((-